{"id":1692,"date":"2024-01-13T11:30:51","date_gmt":"2024-01-13T10:30:51","guid":{"rendered":"https:\/\/www.leinerlaura.hu\/?page_id=1692"},"modified":"2024-01-13T13:04:26","modified_gmt":"2024-01-13T12:04:26","slug":"allj-mellem-iskolak-versenye-ii-3","status":"publish","type":"page","link":"https:\/\/www.leinerlaura.hu\/index.php\/allj-mellem-iskolak-versenye-ii-3\/","title":{"rendered":"\u00c1llj mell\u00e9m &#8211; Iskol\u00e1k versenye II\/3."},"content":{"rendered":"\n<p class=\"has-text-align-justify\">A v\u00e9g\u00e9hez k\u00f6zeledik az Iskol\u00e1k Orsz\u00e1gos Versenye, a n\u00e9gy kitasz\u00edtott szirteses di\u00e1k pedig rend\u00fcletlen\u00fcl menetel a d\u00f6nt\u0151 fel\u00e9.&nbsp;S\u00e1ra, Vivi, Rajmund \u00e9s Dominik hat\u00e1rozott c\u00e9llal \u00e9rkeztek a versenyre: meg akarj\u00e1k nyerni a kup\u00e1t, ezzel bizony\u00edtva, hogy \u0151k t\u00f6bbek, mint n\u00e9h\u00e1ny m\u00faltb\u00e9li hiba.<br>Napr\u00f3l napra szorosabb bar\u00e1ts\u00e1g f\u0171zi \u00f6ssze a piros csapat tagjait a Hortob\u00e1gyon, ahol&nbsp;az elsz\u00e1nts\u00e1g, a taktik\u00e1z\u00e1s, n\u00e9ha pedig a meg\u00e9rz\u00e9s\u00fck az, ami tov\u00e1bbseg\u00edti \u0151ket a k\u00f6vetkez\u0151 k\u00f6rbe. K\u00e9rd\u00e9s, hogy ez elegend\u0151-e a v\u00e9gs\u0151 gy\u0151zelemre.<\/p>\n\n\n\n<p class=\"has-text-align-justify\">Az Iskol\u00e1k Orsz\u00e1gos Versenye befejez\u0151 k\u00f6tet\u00e9ben kider\u00fcl, hogy Kocsis j\u00f3l d\u00f6nt\u00f6tt-e, amikor S\u00e1r\u00e1t, Vivit, Rajmundot \u00e9s Dominikot v\u00e1lasztotta a c\u00edmv\u00e9d\u0151 csapatba, \u00e9s lesz-e m\u00e1sodszor is \u201cNyertes Szirtes\u201d, emellett arra is f\u00e9ny der\u00fcl, hogyan alakul a m\u00e9g f\u00fcgg\u0151ben l\u00e9v\u0151 kapcsolat\u2026<\/p>\n\n\n\n<p class=\"has-text-align-justify\">Az \u00c1llj mell\u00e9m az Iskol\u00e1k versenye m\u00e1sodik tril\u00f3gia harmadik r\u00e9sze.<\/p>\n\n\n\n<p>Kiad\u00f3:&nbsp;Carta Teen kiad\u00f3<\/p>\n\n\n\n<p>Oldalsz\u00e1m:&nbsp;560 oldal<\/p>\n\n\n\n<p>Megjelen\u00e9s \u00e9ve:&nbsp;2021<\/p>\n\n\n\n<p><a href=\"https:\/\/www.llkonyvesbolt.hu\/Leiner-Laura-Allj-mellem\" target=\"_blank\" rel=\"noreferrer noopener\">V\u00e1s\u00e1rl\u00e1s<\/a><\/p>\n\n\n\n<p><a href=\"https:\/\/www.libri.hu\/konyv\/leiner_laura.allj-mellem--2.html\" target=\"_blank\" rel=\"noreferrer noopener\">Ek\u00f6nyv<\/a><\/p>\n","protected":false},"excerpt":{"rendered":"<p>A v\u00e9g\u00e9hez k\u00f6zeledik az Iskol\u00e1k Orsz\u00e1gos Versenye, a n\u00e9gy kitasz\u00edtott szirteses di\u00e1k pedig rend\u00fcletlen\u00fcl menetel a d\u00f6nt\u0151 fel\u00e9.&nbsp;S\u00e1ra, Vivi, Rajmund \u00e9s Dominik hat\u00e1rozott c\u00e9llal \u00e9rkeztek a versenyre: meg akarj\u00e1k nyerni a kup\u00e1t, ezzel bizony\u00edtva, hogy \u0151k t\u00f6bbek, mint n\u00e9h\u00e1ny m\u00faltb\u00e9li hiba.Napr\u00f3l napra szorosabb bar\u00e1ts\u00e1g f\u0171zi \u00f6ssze a piros csapat tagjait a Hortob\u00e1gyon, ahol&nbsp;az elsz\u00e1nts\u00e1g, a<\/p>\n","protected":false},"author":2,"featured_media":0,"parent":0,"menu_order":0,"comment_status":"closed","ping_status":"closed","template":"","meta":{"footnotes":""},"class_list":["post-1692","page","type-page","status-publish","hentry"],"jetpack_sharing_enabled":true,"_links":{"self":[{"href":"https:\/\/www.leinerlaura.hu\/index.php\/wp-json\/wp\/v2\/pages\/1692","targetHints":{"allow":["GET"]}}],"collection":[{"href":"https:\/\/www.leinerlaura.hu\/index.php\/wp-json\/wp\/v2\/pages"}],"about":[{"href":"https:\/\/www.leinerlaura.hu\/index.php\/wp-json\/wp\/v2\/types\/page"}],"author":[{"embeddable":true,"href":"https:\/\/www.leinerlaura.hu\/index.php\/wp-json\/wp\/v2\/users\/2"}],"replies":[{"embeddable":true,"href":"https:\/\/www.leinerlaura.hu\/index.php\/wp-json\/wp\/v2\/comments?post=1692"}],"version-history":[{"count":2,"href":"https:\/\/www.leinerlaura.hu\/index.php\/wp-json\/wp\/v2\/pages\/1692\/revisions"}],"predecessor-version":[{"id":1758,"href":"https:\/\/www.leinerlaura.hu\/index.php\/wp-json\/wp\/v2\/pages\/1692\/revisions\/1758"}],"wp:attachment":[{"href":"https:\/\/www.leinerlaura.hu\/index.php\/wp-json\/wp\/v2\/media?parent=1692"}],"curies":[{"name":"wp","href":"https:\/\/api.w.org\/{rel}","templated":true}]}}

Állj mellém &#8211; Iskolák versenye II/3.

<p class="has-text-align-justify">A végéhez közeledik az Iskolák Országos Versenye, a négy kitaszított szirteses diák pedig rendületlenül menetel a döntő felé.&nbsp;Sára, Vivi, Rajmund és Dominik határozott céllal érkeztek a versenyre: meg akarják nyerni a kupát, ezzel bizonyítva, hogy ők többek, mint néhány múltbéli hiba.<br>Napról napra szorosabb barátság fűzi össze a piros csapat tagjait a Hortobágyon, ahol&nbsp;az elszántság, a taktikázás, néha pedig a megérzésük az, ami továbbsegíti őket a következő körbe. Kérdés, hogy ez elegendő-e a végső győzelemre.</p>



<p class="has-text-align-justify">Az Iskolák Országos Versenye befejező kötetében kiderül, hogy Kocsis jól döntött-e, amikor Sárát, Vivit, Rajmundot és Dominikot választotta a címvédő csapatba, és lesz-e másodszor is “Nyertes Szirtes”, emellett arra is fény derül, hogyan alakul a még függőben lévő kapcsolat…</p>



<p class="has-text-align-justify">Az Állj mellém az Iskolák versenye második trilógia harmadik része.</p>



<p>Kiadó:&nbsp;Carta Teen kiadó</p>



<p>Oldalszám:&nbsp;560 oldal</p>



<p>Megjelenés éve:&nbsp;2021</p>



<p><a href="https://www.llkonyvesbolt.hu/Leiner-Laura-Allj-mellem" target="_blank" rel="noreferrer noopener">Vásárlás</a></p>



<p><a href="https://www.libri.hu/konyv/leiner_laura.allj-mellem--2.html" target="_blank" rel="noreferrer noopener">Ekönyv</a></p>

<p>A végéhez közeledik az Iskolák Országos Versenye, a négy kitaszított szirteses diák pedig rendületlenül menetel a döntő felé.&nbsp;Sára, Vivi, Rajmund és Dominik határozott céllal érkeztek a versenyre: meg akarják nyerni a kupát, ezzel bizonyítva, hogy ők többek, mint néhány múltbéli hiba.Napról napra szorosabb barátság fűzi össze a piros csapat tagjait a Hortobágyon, ahol&nbsp;az elszántság, a</p>
