{"id":1699,"date":"2024-01-13T11:36:12","date_gmt":"2024-01-13T10:36:12","guid":{"rendered":"https:\/\/www.leinerlaura.hu\/?page_id=1699"},"modified":"2024-01-13T12:59:50","modified_gmt":"2024-01-13T11:59:50","slug":"a-szent-johanna-gimi-2-egyutt","status":"publish","type":"page","link":"https:\/\/www.leinerlaura.hu\/index.php\/a-szent-johanna-gimi-2-egyutt\/","title":{"rendered":"A Szent Johanna gimi 2. \u2013 Egy\u00fctt"},"content":{"rendered":"\n<p class=\"has-text-align-justify\">\u201d Felfel\u00e9 baktattunk a dombon, amikor Vir\u00e1g k\u00e9rd\u0151n k\u00f6rbefordult, \u00e9s a tekintete meg\u00e1llapodott rajtam.<br>\u2013 Green Day sz\u00f3l a zsebedben \u2013 mondta.<br>\u2013 Zavartan el\u0151kerestem a mobilom, \u00e9s k\u00f6zben azon tanakodtam, hogy ki \u00e1ll\u00edthatta be a tel\u00f3m a Basket Case-re, \u00e9s egy\u00e1ltal\u00e1n ki cs\u00f6r\u00f6g arra, mert csak egy embert ismerek, aki szereti\u2026<br>\u2013 A kijelz\u0151n Cortez neve villogott, alatta egy men\u0151 deszk\u00e1s k\u00e9ppel.<br>\u2013 Cortez \u2013 suttogtam, \u00e9s megtorpantam az \u00faton.<br>\u2013 Vedd fel! \u00c9s l\u00e9legezz. De el\u0151bb vedd fel. Vagy ne! El\u0151bb l\u00e9legezz \u2013 ugr\u00e1lt k\u00f6r\u00fcl\u00f6ttem Vir\u00e1g.##<br>\u2013 Mit mondjak? \u2013 kapkodtam a leveg\u0151t.<br>\u2013 Els\u0151sorban ne mondj semmit, v\u00e1rd meg, hogy mit akar. De ha besz\u00e9lni akarsz vele, javaslom, hogy vedd fel \u2013 tan\u00e1csolta Arnold.\u201d<\/p>\n\n\n\n<p class=\"has-text-align-justify\">N\u00e9v: Rentai Ren\u00e1ta (Reni)<br>Kor: 15<br>Besz\u00e9lt nyelv: magyar, francia<br>Magamr\u00f3l: (Nem publikus adat, hozz\u00e1f\u00e9r\u00e9s korl\u00e1tozva) Lassan nemcsak Vir\u00e1g \u00e9s Arnold, hanem mindenki a bar\u00e1tj\u00e1nak tekint. Egy\u00e9b siker\u00e9lm\u00e9nyek: suli\u00fajs\u00e1g, irodalomverseny, Cortez kettese magyarb\u00f3l. Ami g\u00e1z: rajzb\u00f3l t\u00f6k b\u00e9na vagyok + Edina!!!<br>\u00c9rdekl\u0151d\u00e9si k\u00f6r: k\u00f6nyvek, olvas\u00e1s, filmek, internet, azon bel\u00fcl is: Honfoglal\u00f3, Kv\u00edzPart<br>Klubtags\u00e1g: Kedvenc k\u00f6nyvek; Mindhal\u00e1lig Beatles!; Felh\u0151t\u00e9rk\u00e9p; Akiken kifogott a g\u00f6rdeszka; Akkor sem tudok rajzolni!<\/p>\n\n\n\n<p>Kiad\u00f3:&nbsp;Carta Teen kiad\u00f3<\/p>\n\n\n\n<p>Oldalsz\u00e1m:&nbsp;462 oldal<\/p>\n\n\n\n<p>Megjelen\u00e9s \u00e9ve:&nbsp;2016<\/p>\n\n\n\n<p><a href=\"https:\/\/www.llkonyvesbolt.hu\/Leiner-Laura-A-Szent-Johanna-gimi-2-Egyutt\" target=\"_blank\" rel=\"noreferrer noopener\">V\u00e1s\u00e1rl\u00e1s<\/a><\/p>\n\n\n\n<p><a href=\"https:\/\/www.libri.hu\/konyv\/leiner_laura.egyutt--4.html\" target=\"_blank\" rel=\"noreferrer noopener\">Ek\u00f6nyv<\/a><\/p>\n","protected":false},"excerpt":{"rendered":"<p>\u201d Felfel\u00e9 baktattunk a dombon, amikor Vir\u00e1g k\u00e9rd\u0151n k\u00f6rbefordult, \u00e9s a tekintete meg\u00e1llapodott rajtam.\u2013 Green Day sz\u00f3l a zsebedben \u2013 mondta.\u2013 Zavartan el\u0151kerestem a mobilom, \u00e9s k\u00f6zben azon tanakodtam, hogy ki \u00e1ll\u00edthatta be a tel\u00f3m a Basket Case-re, \u00e9s egy\u00e1ltal\u00e1n ki cs\u00f6r\u00f6g arra, mert csak egy embert ismerek, aki szereti\u2026\u2013 A kijelz\u0151n Cortez neve villogott,<\/p>\n","protected":false},"author":2,"featured_media":0,"parent":0,"menu_order":0,"comment_status":"closed","ping_status":"closed","template":"","meta":{"footnotes":""},"class_list":["post-1699","page","type-page","status-publish","hentry"],"jetpack_sharing_enabled":true,"_links":{"self":[{"href":"https:\/\/www.leinerlaura.hu\/index.php\/wp-json\/wp\/v2\/pages\/1699","targetHints":{"allow":["GET"]}}],"collection":[{"href":"https:\/\/www.leinerlaura.hu\/index.php\/wp-json\/wp\/v2\/pages"}],"about":[{"href":"https:\/\/www.leinerlaura.hu\/index.php\/wp-json\/wp\/v2\/types\/page"}],"author":[{"embeddable":true,"href":"https:\/\/www.leinerlaura.hu\/index.php\/wp-json\/wp\/v2\/users\/2"}],"replies":[{"embeddable":true,"href":"https:\/\/www.leinerlaura.hu\/index.php\/wp-json\/wp\/v2\/comments?post=1699"}],"version-history":[{"count":2,"href":"https:\/\/www.leinerlaura.hu\/index.php\/wp-json\/wp\/v2\/pages\/1699\/revisions"}],"predecessor-version":[{"id":1747,"href":"https:\/\/www.leinerlaura.hu\/index.php\/wp-json\/wp\/v2\/pages\/1699\/revisions\/1747"}],"wp:attachment":[{"href":"https:\/\/www.leinerlaura.hu\/index.php\/wp-json\/wp\/v2\/media?parent=1699"}],"curies":[{"name":"wp","href":"https:\/\/api.w.org\/{rel}","templated":true}]}}