{"id":1732,"date":"2024-01-13T12:51:48","date_gmt":"2024-01-13T11:51:48","guid":{"rendered":"https:\/\/www.leinerlaura.hu\/?page_id=1732"},"modified":"2024-01-13T13:06:23","modified_gmt":"2024-01-13T12:06:23","slug":"illuzio-bexi-sorozat-3","status":"publish","type":"page","link":"https:\/\/www.leinerlaura.hu\/index.php\/illuzio-bexi-sorozat-3\/","title":{"rendered":"Ill\u00fazi\u00f3 (Bexi-sorozat 3.)"},"content":{"rendered":"\n<p class=\"has-text-align-justify\">Bexi \u2013 civil nev\u00e9n Budai Rebeka \u2013 m\u00e1sodik album\u00e1nak sikere, egy londoni \u00fat \u00e9s a Nagy M\u00e1rkkal val\u00f3 el sem kezd\u0151d\u00f6tt kapcsolat\u00e1nak v\u00e9ge ut\u00e1n hirtelen elveszti a talajt a l\u00e1ba al\u00f3l. Geriben csal\u00f3dnia kellett, M\u00e1rk sz\u00f3ba sem \u00e1ll vele, de tal\u00e1n a zenei sikertelens\u00e9gt\u0151l rend\u00fcl meg legink\u00e1bb. Szerencs\u00e9re m\u00e9g mindig mellette \u00e1ll a csal\u00e1dja, valamint Anti, Evelin, K\u00f6rte, az agyontetov\u00e1lt menedzser, \u00e9s a Fogd be Asz\u00e1d v\u00e9rbeli trolljai. \u00cdgy a szakmai \u00e9s mag\u00e1n\u00e9leti m\u00e9lypont sem tarthat sok\u00e1ig\u2026<\/p>\n\n\n\n<p>Kiad\u00f3:&nbsp;Carta Teen kiad\u00f3<\/p>\n\n\n\n<p>Oldalsz\u00e1m:&nbsp;424 oldal<\/p>\n\n\n\n<p>Megjelen\u00e9s \u00e9ve:&nbsp;2016<\/p>\n\n\n\n<p><a href=\"https:\/\/www.llkonyvesbolt.hu\/Leiner-Laura-Illuzio-Bexi-sorozat-3\" target=\"_blank\" rel=\"noreferrer noopener\">V\u00e1s\u00e1rl\u00e1s<\/a><\/p>\n\n\n\n<p><a href=\"https:\/\/www.libri.hu\/konyv\/leiner_laura.illuzio--3.html\" target=\"_blank\" rel=\"noreferrer noopener\">Ek<\/a><a href=\"https:\/\/www.libri.hu\/konyv\/leiner_laura.illuzio--3.html\">\u00f6nyv<\/a><\/p>\n","protected":false},"excerpt":{"rendered":"<p>Bexi \u2013 civil nev\u00e9n Budai Rebeka \u2013 m\u00e1sodik album\u00e1nak sikere, egy londoni \u00fat \u00e9s a Nagy M\u00e1rkkal val\u00f3 el sem kezd\u0151d\u00f6tt kapcsolat\u00e1nak v\u00e9ge ut\u00e1n hirtelen elveszti a talajt a l\u00e1ba al\u00f3l. Geriben csal\u00f3dnia kellett, M\u00e1rk sz\u00f3ba sem \u00e1ll vele, de tal\u00e1n a zenei sikertelens\u00e9gt\u0151l rend\u00fcl meg legink\u00e1bb. Szerencs\u00e9re m\u00e9g mindig mellette \u00e1ll a csal\u00e1dja, valamint<\/p>\n","protected":false},"author":2,"featured_media":0,"parent":0,"menu_order":0,"comment_status":"closed","ping_status":"closed","template":"","meta":{"footnotes":""},"class_list":["post-1732","page","type-page","status-publish","hentry"],"jetpack_sharing_enabled":true,"_links":{"self":[{"href":"https:\/\/www.leinerlaura.hu\/index.php\/wp-json\/wp\/v2\/pages\/1732","targetHints":{"allow":["GET"]}}],"collection":[{"href":"https:\/\/www.leinerlaura.hu\/index.php\/wp-json\/wp\/v2\/pages"}],"about":[{"href":"https:\/\/www.leinerlaura.hu\/index.php\/wp-json\/wp\/v2\/types\/page"}],"author":[{"embeddable":true,"href":"https:\/\/www.leinerlaura.hu\/index.php\/wp-json\/wp\/v2\/users\/2"}],"replies":[{"embeddable":true,"href":"https:\/\/www.leinerlaura.hu\/index.php\/wp-json\/wp\/v2\/comments?post=1732"}],"version-history":[{"count":3,"href":"https:\/\/www.leinerlaura.hu\/index.php\/wp-json\/wp\/v2\/pages\/1732\/revisions"}],"predecessor-version":[{"id":1767,"href":"https:\/\/www.leinerlaura.hu\/index.php\/wp-json\/wp\/v2\/pages\/1732\/revisions\/1767"}],"wp:attachment":[{"href":"https:\/\/www.leinerlaura.hu\/index.php\/wp-json\/wp\/v2\/media?parent=1732"}],"curies":[{"name":"wp","href":"https:\/\/api.w.org\/{rel}","templated":true}]}}