{"id":2875,"date":"2025-08-18T22:58:00","date_gmt":"2025-08-18T20:58:00","guid":{"rendered":"https:\/\/www.leinerlaura.hu\/?page_id=2875"},"modified":"2025-08-18T23:07:04","modified_gmt":"2025-08-18T21:07:04","slug":"kapcsolat","status":"publish","type":"page","link":"https:\/\/www.leinerlaura.hu\/index.php\/kapcsolat\/","title":{"rendered":"Kapcsolat"},"content":{"rendered":"\n<p class=\"has-text-align-left\">Leiner Laura \u00fczeneteire \u00fcgyf\u00e9lszolg\u00e1latunk munkat\u00e1rsa fog v\u00e1laszolni. V\u00e1laszt kiz\u00e1r\u00f3lag hivatalos megkeres\u00e9sekre (\u00edr\u00f3-olvas\u00f3 tal\u00e1lkoz\u00f3, felk\u00e9r\u00e9s, megh\u00edv\u00e1s, interj\u00fa, film\/sz\u00ednh\u00e1z megkeres\u00e9s) tudunk adni, mag\u00e1njelleg\u0171 felkeres\u00e9sekre nem \u00e1ll m\u00f3dunkban visszajelezni. Szeretn\u00e9nk jelezni, hogy 2025-re Leiner Laura sajnos nem tud \u00edr\u00f3-olvas\u00f3 tal\u00e1lkoz\u00f3t v\u00e1llalni, dedik\u00e1l\u00e1st az \u00dcnnepi K\u00f6nyvh\u00e9ten tartott.<\/p>\n\n\n\n<p>K\u00f6sz\u00f6nj\u00fck a meg\u00e9rt\u00e9st \u00e9s a t\u00fcrelmet ezzel kapcsolatban! <\/p>\n\n\n\n<p>El\u00e9rhet\u0151s\u00e9g:\u00a0<span \n                data-original-string='5GO\/sldZqBkRqRMq0WOHVQ==4afM+pxgBAjM+hBoiDCzGoBJHYHaf9liJdVn+QUtH4p0bc='\n                class='apbct-email-encoder'\n                title='This contact has been encoded by Anti-Spam by CleanTalk. Click to decode. To finish the decoding make sure that JavaScript is enabled in your browser.'>uz<span class=\"apbct-blur\">****<\/span>@<span class=\"apbct-blur\">***********<\/span>lt.hu<\/span><\/p>\n","protected":false},"excerpt":{"rendered":"<p>Leiner Laura \u00fczeneteire \u00fcgyf\u00e9lszolg\u00e1latunk munkat\u00e1rsa fog v\u00e1laszolni. V\u00e1laszt kiz\u00e1r\u00f3lag hivatalos megkeres\u00e9sekre (\u00edr\u00f3-olvas\u00f3 tal\u00e1lkoz\u00f3, felk\u00e9r\u00e9s, megh\u00edv\u00e1s, interj\u00fa, film\/sz\u00ednh\u00e1z megkeres\u00e9s) tudunk adni, mag\u00e1njelleg\u0171 felkeres\u00e9sekre nem \u00e1ll m\u00f3dunkban visszajelezni. Szeretn\u00e9nk jelezni, hogy 2025-re Leiner Laura sajnos nem tud \u00edr\u00f3-olvas\u00f3 tal\u00e1lkoz\u00f3t v\u00e1llalni, dedik\u00e1l\u00e1st az \u00dcnnepi K\u00f6nyvh\u00e9ten tartott. K\u00f6sz\u00f6nj\u00fck a meg\u00e9rt\u00e9st \u00e9s a t\u00fcrelmet ezzel kapcsolatban! El\u00e9rhet\u0151s\u00e9g:\u00a0uz****@***********lt.hu<\/p>\n","protected":false},"author":2,"featured_media":0,"parent":0,"menu_order":0,"comment_status":"closed","ping_status":"closed","template":"","meta":{"footnotes":""},"class_list":["post-2875","page","type-page","status-publish","hentry"],"jetpack_sharing_enabled":true,"_links":{"self":[{"href":"https:\/\/www.leinerlaura.hu\/index.php\/wp-json\/wp\/v2\/pages\/2875","targetHints":{"allow":["GET"]}}],"collection":[{"href":"https:\/\/www.leinerlaura.hu\/index.php\/wp-json\/wp\/v2\/pages"}],"about":[{"href":"https:\/\/www.leinerlaura.hu\/index.php\/wp-json\/wp\/v2\/types\/page"}],"author":[{"embeddable":true,"href":"https:\/\/www.leinerlaura.hu\/index.php\/wp-json\/wp\/v2\/users\/2"}],"replies":[{"embeddable":true,"href":"https:\/\/www.leinerlaura.hu\/index.php\/wp-json\/wp\/v2\/comments?post=2875"}],"version-history":[{"count":3,"href":"https:\/\/www.leinerlaura.hu\/index.php\/wp-json\/wp\/v2\/pages\/2875\/revisions"}],"predecessor-version":[{"id":2883,"href":"https:\/\/www.leinerlaura.hu\/index.php\/wp-json\/wp\/v2\/pages\/2875\/revisions\/2883"}],"wp:attachment":[{"href":"https:\/\/www.leinerlaura.hu\/index.php\/wp-json\/wp\/v2\/media?parent=2875"}],"curies":[{"name":"wp","href":"https:\/\/api.w.org\/{rel}","templated":true}]}}